{"id":1889,"date":"2017-03-09T10:05:49","date_gmt":"2017-03-09T09:05:49","guid":{"rendered":"http:\/\/iatt.it\/archivioiatt\/?page_id=1889"},"modified":"2025-07-03T15:46:16","modified_gmt":"2025-07-03T13:46:16","slug":"commissioni-tecniche","status":"publish","type":"page","link":"https:\/\/iatt.it\/archivioiatt\/commissioni-tecniche\/","title":{"rendered":"Commissioni Tecniche"},"content":{"rendered":"<p>La <strong>IATT<\/strong> nell\u2019ambito delle proprie attivit\u00e0 istituzionali ha costituito le <strong>Commissioni Tecniche Permanenti (CTP)<\/strong> con lo scopo di rafforzare il ruolo delle tecnologie <em>trenchless<\/em> attraverso azioni unitarie e condivise.<\/p>\n<p>Le Commissioni sono chiamate a svolgere una serie di attivit\u00e0, tra le quali:<\/p>\n<ul>\n<li>Verificare lo stato dell\u2019arte della normativa italiana,\u00a0europea e extraeuropea per la stesura di Norme\/prassi di riferimento da proporre nell\u2019ambito delle commissioni UNI (Ente di Unificazione Nazionale).<\/li>\n<li>Analizzare i dati relativi agli incidenti sui cantieri, ai fini della revisione dei profili assicurativi (INAIL) per l\u2019abbattimento degli oneri.<\/li>\n<li>Aggiornare i prezzi di riferimento nazionale delle tecnologie &#8211; da pubblicare anche in collaborazione con enti riconosciuti &#8211; come supporto alla stesura di Capitolati tecnici d\u2019appalto.<\/li>\n<li>Predisporre documenti descrittivi delle tecnologie e dei loro campi e criteri di utilizzo, come base per la stesura di norme di realizzazione e capitolati di appalto.<\/li>\n<li>Programmare Corsi per il rilascio di patentini per \u201coperatori macchine complesse\u201d &#8211; previsto dal Testo Unico sulla Sicurezza.<\/li>\n<\/ul>\n<p>Ma l\u2019attivit\u00e0 delle Commissioni non si esaurir\u00e0 qui perch\u00e9 esse dovranno anche e soprattutto, stimolare idee per progetti, iniziative o azioni da portare avanti a livello associativo.<\/p>\n<p>L\u2019ampia partecipazione dei nostri Associati \u00e8 la testimonianza di una forte sensibilit\u00e0 al tema e dell\u2019interesse di mettere a fattor comune la propria esperienza e la propria voglia di fare, per giungere, in tempi brevi, ad elaborare soluzioni concrete alle problematiche del settore delle tecnologie <em>trenchless.<\/em><\/p>\n","protected":false},"excerpt":{"rendered":"<p>La IATT nell\u2019ambito delle proprie attivit\u00e0 istituzionali ha costituito le Commissioni Tecniche Permanenti (CTP) con lo scopo di rafforzare il ruolo delle tecnologie trenchless attraverso azioni unitarie e condivise. Le Commissioni sono chiamate a svolgere una serie di attivit\u00e0, tra le quali: Verificare lo stato dell\u2019arte della normativa italiana,\u00a0europea e extraeuropea per la stesura di [&hellip;]<\/p>\n","protected":false},"author":1,"featured_media":0,"parent":0,"menu_order":0,"comment_status":"closed","ping_status":"closed","template":"","meta":{"spay_email":""},"_links":{"self":[{"href":"https:\/\/iatt.it\/archivioiatt\/wp-json\/wp\/v2\/pages\/1889"}],"collection":[{"href":"https:\/\/iatt.it\/archivioiatt\/wp-json\/wp\/v2\/pages"}],"about":[{"href":"https:\/\/iatt.it\/archivioiatt\/wp-json\/wp\/v2\/types\/page"}],"author":[{"embeddable":true,"href":"https:\/\/iatt.it\/archivioiatt\/wp-json\/wp\/v2\/users\/1"}],"replies":[{"embeddable":true,"href":"https:\/\/iatt.it\/archivioiatt\/wp-json\/wp\/v2\/comments?post=1889"}],"version-history":[{"count":1,"href":"https:\/\/iatt.it\/archivioiatt\/wp-json\/wp\/v2\/pages\/1889\/revisions"}],"predecessor-version":[{"id":13194,"href":"https:\/\/iatt.it\/archivioiatt\/wp-json\/wp\/v2\/pages\/1889\/revisions\/13194"}],"wp:attachment":[{"href":"https:\/\/iatt.it\/archivioiatt\/wp-json\/wp\/v2\/media?parent=1889"}],"curies":[{"name":"wp","href":"https:\/\/api.w.org\/{rel}","templated":true}]}}